{"id":1091,"date":"2021-07-15T14:59:50","date_gmt":"2021-07-15T18:59:50","guid":{"rendered":"https:\/\/ameiph.com\/?page_id=1091"},"modified":"2025-04-16T16:11:02","modified_gmt":"2025-04-16T20:11:02","slug":"our-team","status":"publish","type":"page","link":"https:\/\/ameiph.com\/en\/about-us\/our-team\/","title":{"rendered":"Our Team"},"content":{"rendered":"<p><strong>Mme Lila H. Ratsifa, Directrice G\u00e9n\u00e9rale\u00a0<\/strong><br \/>\n<a href=\"mailto:direction@ameiph.com\">direction@ameiph.com<\/a><br \/>\n&nbsp;<\/p>\n<p><strong>Mme Ana Maria Barletta, Intervenante, Responsable de Programme<\/strong><br \/>\n<a href=\"mailto:abarletta@ameiph.com\">abarletta@ameiph.com<\/a><br \/>\n&nbsp;<\/p>\n<p><strong>M. Kamangu Kabeya, Comptable<\/strong><br \/>\n<a href=\"mailto:comptabilite@ameiph.com\">comptabilite@ameiph.com<\/a><br \/>\n&nbsp;<\/p>\n<p><strong>Mme C\u00e9lia Missigbeto, Charg\u00e9e de projets<\/strong><br \/>\n<a href=\"mailto:projets2@ameiph.com\">projets2@ameiph.com<\/a><br \/>\n&nbsp;<\/p>\n<p><strong>Mme Alice Michel, Intervenante Sociale\u00a0<\/strong><br \/>\n<a href=\"mailto:intervenante.psy@ameiph.com\">intervenante.psy@ameiph.com<\/a><br \/>\n&nbsp;<\/p>\n<p>  <strong>M. Haja Ratsizafy, Assistant administratif et technique, Charg\u00e9 de communication <\/strong><br \/>\n<a href=\"mailto:admin-communication@ameiph.com\">admin-communication@ameiph.com<\/a><br \/>\n&nbsp;<\/p>\n<p><b>Jean Duvil, Charg\u00e9 d&#8217;accueil<\/b><br \/>\n<a href=\"mailto:accueil@ameiph.com\">accueil@ameiph.com<\/a><\/p>\n<p>&nbsp;<\/p>\n<p>AMEIPH is proud to welcome interns each year from different universities (Mc Gill, UQAM) and in fields of study or expertise that contribute to the achievement of its objectives and the quality of its services.<\/p>\n<p>&nbsp;<\/p>\n","protected":false},"excerpt":{"rendered":"<p>Mme Lila H. Ratsifa, Directrice G\u00e9n\u00e9rale\u00a0 direction@ameiph.com &nbsp; Mme Ana Maria Barletta, Intervenante, Responsable de Programme abarletta@ameiph.com &nbsp; M. Kamangu&#8230;<br \/><a href=\"https:\/\/ameiph.com\/en\/about-us\/our-team\/\" class=\"read-more btn\">Read more <span class=\"sr-only\">about Our Team<\/span><\/a><\/p>\n","protected":false},"author":1,"featured_media":0,"parent":1077,"menu_order":8,"comment_status":"closed","ping_status":"closed","template":"","meta":{"_acf_changed":false,"footnotes":""},"class_list":["post-1091","page","type-page","status-publish","hentry"],"acf":[],"yoast_head":"<!-- This site is optimized with the Yoast SEO plugin v25.5 - https:\/\/yoast.com\/wordpress\/plugins\/seo\/ -->\n<title>Our Team - Association multiethnique pour l\u2019int\u00e9gration des personnes handicap\u00e9es<\/title>\n<meta name=\"robots\" content=\"index, follow, max-snippet:-1, max-image-preview:large, max-video-preview:-1\" \/>\n<link rel=\"canonical\" href=\"https:\/\/ameiph.com\/en\/about-us\/our-team\/\" \/>\n<meta property=\"og:locale\" content=\"en_US\" \/>\n<meta property=\"og:type\" content=\"article\" \/>\n<meta property=\"og:title\" content=\"Our Team - Association multiethnique pour l\u2019int\u00e9gration des personnes handicap\u00e9es\" \/>\n<meta property=\"og:description\" content=\"Mme Lila H. Ratsifa, Directrice G\u00e9n\u00e9rale\u00a0 direction@ameiph.com &nbsp; Mme Ana Maria Barletta, Intervenante, Responsable de Programme abarletta@ameiph.com &nbsp; M. Kamangu...Read more about Our Team\" \/>\n<meta property=\"og:url\" content=\"https:\/\/ameiph.com\/en\/about-us\/our-team\/\" \/>\n<meta property=\"og:site_name\" content=\"Association multiethnique pour l\u2019int\u00e9gration des personnes handicap\u00e9es\" \/>\n<meta property=\"article:modified_time\" content=\"2025-04-16T20:11:02+00:00\" \/>\n<meta name=\"twitter:card\" content=\"summary_large_image\" \/>\n<meta name=\"twitter:label1\" content=\"Est. reading time\" \/>\n\t<meta name=\"twitter:data1\" content=\"1 minute\" \/>\n<script type=\"application\/ld+json\" class=\"yoast-schema-graph\">{\"@context\":\"https:\/\/schema.org\",\"@graph\":[{\"@type\":\"WebPage\",\"@id\":\"https:\/\/ameiph.com\/en\/about-us\/our-team\/\",\"url\":\"https:\/\/ameiph.com\/en\/about-us\/our-team\/\",\"name\":\"Our Team - Association multiethnique pour l\u2019int\u00e9gration des personnes handicap\u00e9es\",\"isPartOf\":{\"@id\":\"https:\/\/ameiph.com\/#website\"},\"datePublished\":\"2021-07-15T18:59:50+00:00\",\"dateModified\":\"2025-04-16T20:11:02+00:00\",\"breadcrumb\":{\"@id\":\"https:\/\/ameiph.com\/en\/about-us\/our-team\/#breadcrumb\"},\"inLanguage\":\"en-US\",\"potentialAction\":[{\"@type\":\"ReadAction\",\"target\":[\"https:\/\/ameiph.com\/en\/about-us\/our-team\/\"]}]},{\"@type\":\"BreadcrumbList\",\"@id\":\"https:\/\/ameiph.com\/en\/about-us\/our-team\/#breadcrumb\",\"itemListElement\":[{\"@type\":\"ListItem\",\"position\":1,\"name\":\"Accueil\",\"item\":\"https:\/\/ameiph.com\/en\/\"},{\"@type\":\"ListItem\",\"position\":2,\"name\":\"About Us\",\"item\":\"https:\/\/ameiph.com\/en\/about-us\/\"},{\"@type\":\"ListItem\",\"position\":3,\"name\":\"Our Team\"}]},{\"@type\":\"WebSite\",\"@id\":\"https:\/\/ameiph.com\/#website\",\"url\":\"https:\/\/ameiph.com\/\",\"name\":\"Association multiethnique pour l\u2019int\u00e9gration des personnes handicap\u00e9es\",\"description\":\"(AMEIPH)\",\"potentialAction\":[{\"@type\":\"SearchAction\",\"target\":{\"@type\":\"EntryPoint\",\"urlTemplate\":\"https:\/\/ameiph.com\/?s={search_term_string}\"},\"query-input\":{\"@type\":\"PropertyValueSpecification\",\"valueRequired\":true,\"valueName\":\"search_term_string\"}}],\"inLanguage\":\"en-US\"}]}<\/script>\n<!-- \/ Yoast SEO plugin. -->","yoast_head_json":{"title":"Our Team - Association multiethnique pour l\u2019int\u00e9gration des personnes handicap\u00e9es","robots":{"index":"index","follow":"follow","max-snippet":"max-snippet:-1","max-image-preview":"max-image-preview:large","max-video-preview":"max-video-preview:-1"},"canonical":"https:\/\/ameiph.com\/en\/about-us\/our-team\/","og_locale":"en_US","og_type":"article","og_title":"Our Team - Association multiethnique pour l\u2019int\u00e9gration des personnes handicap\u00e9es","og_description":"Mme Lila H. Ratsifa, Directrice G\u00e9n\u00e9rale\u00a0 direction@ameiph.com &nbsp; Mme Ana Maria Barletta, Intervenante, Responsable de Programme abarletta@ameiph.com &nbsp; M. Kamangu...Read more about Our Team","og_url":"https:\/\/ameiph.com\/en\/about-us\/our-team\/","og_site_name":"Association multiethnique pour l\u2019int\u00e9gration des personnes handicap\u00e9es","article_modified_time":"2025-04-16T20:11:02+00:00","twitter_card":"summary_large_image","twitter_misc":{"Est. reading time":"1 minute"},"schema":{"@context":"https:\/\/schema.org","@graph":[{"@type":"WebPage","@id":"https:\/\/ameiph.com\/en\/about-us\/our-team\/","url":"https:\/\/ameiph.com\/en\/about-us\/our-team\/","name":"Our Team - Association multiethnique pour l\u2019int\u00e9gration des personnes handicap\u00e9es","isPartOf":{"@id":"https:\/\/ameiph.com\/#website"},"datePublished":"2021-07-15T18:59:50+00:00","dateModified":"2025-04-16T20:11:02+00:00","breadcrumb":{"@id":"https:\/\/ameiph.com\/en\/about-us\/our-team\/#breadcrumb"},"inLanguage":"en-US","potentialAction":[{"@type":"ReadAction","target":["https:\/\/ameiph.com\/en\/about-us\/our-team\/"]}]},{"@type":"BreadcrumbList","@id":"https:\/\/ameiph.com\/en\/about-us\/our-team\/#breadcrumb","itemListElement":[{"@type":"ListItem","position":1,"name":"Accueil","item":"https:\/\/ameiph.com\/en\/"},{"@type":"ListItem","position":2,"name":"About Us","item":"https:\/\/ameiph.com\/en\/about-us\/"},{"@type":"ListItem","position":3,"name":"Our Team"}]},{"@type":"WebSite","@id":"https:\/\/ameiph.com\/#website","url":"https:\/\/ameiph.com\/","name":"Association multiethnique pour l\u2019int\u00e9gration des personnes handicap\u00e9es","description":"(AMEIPH)","potentialAction":[{"@type":"SearchAction","target":{"@type":"EntryPoint","urlTemplate":"https:\/\/ameiph.com\/?s={search_term_string}"},"query-input":{"@type":"PropertyValueSpecification","valueRequired":true,"valueName":"search_term_string"}}],"inLanguage":"en-US"}]}},"_links":{"self":[{"href":"https:\/\/ameiph.com\/en\/wp-json\/wp\/v2\/pages\/1091","targetHints":{"allow":["GET"]}}],"collection":[{"href":"https:\/\/ameiph.com\/en\/wp-json\/wp\/v2\/pages"}],"about":[{"href":"https:\/\/ameiph.com\/en\/wp-json\/wp\/v2\/types\/page"}],"author":[{"embeddable":true,"href":"https:\/\/ameiph.com\/en\/wp-json\/wp\/v2\/users\/1"}],"replies":[{"embeddable":true,"href":"https:\/\/ameiph.com\/en\/wp-json\/wp\/v2\/comments?post=1091"}],"version-history":[{"count":10,"href":"https:\/\/ameiph.com\/en\/wp-json\/wp\/v2\/pages\/1091\/revisions"}],"predecessor-version":[{"id":3949,"href":"https:\/\/ameiph.com\/en\/wp-json\/wp\/v2\/pages\/1091\/revisions\/3949"}],"up":[{"embeddable":true,"href":"https:\/\/ameiph.com\/en\/wp-json\/wp\/v2\/pages\/1077"}],"wp:attachment":[{"href":"https:\/\/ameiph.com\/en\/wp-json\/wp\/v2\/media?parent=1091"}],"curies":[{"name":"wp","href":"https:\/\/api.w.org\/{rel}","templated":true}]}}

<p><strong>Mme Lila H. Ratsifa, Directrice Générale </strong><br />
<a href="mailto:direction@ameiph.com">direction@ameiph.com</a><br />
&nbsp;</p>
<p><strong>Mme Ana Maria Barletta, Intervenante, Responsable de Programme</strong><br />
<a href="mailto:abarletta@ameiph.com">abarletta@ameiph.com</a><br />
&nbsp;</p>
<p><strong>M. Kamangu Kabeya, Comptable</strong><br />
<a href="mailto:comptabilite@ameiph.com">comptabilite@ameiph.com</a><br />
&nbsp;</p>
<p><strong>Mme Célia Missigbeto, Chargée de projets</strong><br />
<a href="mailto:projets2@ameiph.com">projets2@ameiph.com</a><br />
&nbsp;</p>
<p><strong>Mme Alice Michel, Intervenante Sociale </strong><br />
<a href="mailto:intervenante.psy@ameiph.com">intervenante.psy@ameiph.com</a><br />
&nbsp;</p>
<p>  <strong>M. Haja Ratsizafy, Assistant administratif et technique, Chargé de communication </strong><br />
<a href="mailto:admin-communication@ameiph.com">admin-communication@ameiph.com</a><br />
&nbsp;</p>
<p><b>Jean Duvil, Chargé d&#8217;accueil</b><br />
<a href="mailto:accueil@ameiph.com">accueil@ameiph.com</a></p>
<p>&nbsp;</p>
<p>AMEIPH is proud to welcome interns each year from different universities (Mc Gill, UQAM) and in fields of study or expertise that contribute to the achievement of its objectives and the quality of its services.</p>
<p>&nbsp;</p>

<p>Mme Lila H. Ratsifa, Directrice Générale  direction@ameiph.com &nbsp; Mme Ana Maria Barletta, Intervenante, Responsable de Programme abarletta@ameiph.com &nbsp; M. Kamangu&#8230;<br /><a href="https://ameiph.com/en/about-us/our-team/" class="read-more btn">Read more <span class="sr-only">about Our Team</span></a></p>

<!-- This site is optimized with the Yoast SEO plugin v25.5 - https://yoast.com/wordpress/plugins/seo/ -->
<title>Our Team - Association multiethnique pour l’intégration des personnes handicapées</title>
<meta name="robots" content="index, follow, max-snippet:-1, max-image-preview:large, max-video-preview:-1" />
<link rel="canonical" href="https://ameiph.com/en/about-us/our-team/" />
<meta property="og:locale" content="en_US" />
<meta property="og:type" content="article" />
<meta property="og:title" content="Our Team - Association multiethnique pour l’intégration des personnes handicapées" />
<meta property="og:description" content="Mme Lila H. Ratsifa, Directrice Générale  direction@ameiph.com &nbsp; Mme Ana Maria Barletta, Intervenante, Responsable de Programme abarletta@ameiph.com &nbsp; M. Kamangu...Read more about Our Team" />
<meta property="og:url" content="https://ameiph.com/en/about-us/our-team/" />
<meta property="og:site_name" content="Association multiethnique pour l’intégration des personnes handicapées" />
<meta property="article:modified_time" content="2025-04-16T20:11:02+00:00" />
<meta name="twitter:card" content="summary_large_image" />
<meta name="twitter:label1" content="Est. reading time" />
	<meta name="twitter:data1" content="1 minute" />
<script type="application/ld+json" class="yoast-schema-graph">{"@context":"https://schema.org","@graph":[{"@type":"WebPage","@id":"https://ameiph.com/en/about-us/our-team/","url":"https://ameiph.com/en/about-us/our-team/","name":"Our Team - Association multiethnique pour l’intégration des personnes handicapées","isPartOf":{"@id":"https://ameiph.com/#website"},"datePublished":"2021-07-15T18:59:50+00:00","dateModified":"2025-04-16T20:11:02+00:00","breadcrumb":{"@id":"https://ameiph.com/en/about-us/our-team/#breadcrumb"},"inLanguage":"en-US","potentialAction":[{"@type":"ReadAction","target":["https://ameiph.com/en/about-us/our-team/"]}]},{"@type":"BreadcrumbList","@id":"https://ameiph.com/en/about-us/our-team/#breadcrumb","itemListElement":[{"@type":"ListItem","position":1,"name":"Accueil","item":"https://ameiph.com/en/"},{"@type":"ListItem","position":2,"name":"About Us","item":"https://ameiph.com/en/about-us/"},{"@type":"ListItem","position":3,"name":"Our Team"}]},{"@type":"WebSite","@id":"https://ameiph.com/#website","url":"https://ameiph.com/","name":"Association multiethnique pour l’intégration des personnes handicapées","description":"(AMEIPH)","potentialAction":[{"@type":"SearchAction","target":{"@type":"EntryPoint","urlTemplate":"https://ameiph.com/?s={search_term_string}"},"query-input":{"@type":"PropertyValueSpecification","valueRequired":true,"valueName":"search_term_string"}}],"inLanguage":"en-US"}]}</script>
<!-- / Yoast SEO plugin. -->

Our Team - Association multiethnique pour l’intégration des personnes handicapées

Mme Lila H. Ratsifa, Directrice Générale  direction@ameiph.com &nbsp; Mme Ana Maria Barletta, Intervenante, Responsable de Programme abarletta@ameiph.com &nbsp; M. Kamangu...Read more about Our Team

Association multiethnique pour l’intégration des personnes handicapées
